{"id":807,"date":"2025-09-23T02:24:47","date_gmt":"2025-09-23T02:24:47","guid":{"rendered":"http:\/\/www.tiskgg.com\/?post_type=product&#038;p=807"},"modified":"2025-09-23T02:29:01","modified_gmt":"2025-09-23T02:29:01","slug":"65l-groser-safe-tresor-fur-zuhause-feuerfester-tresor-mit-schlussel-abnehmbares-regal-und-stummschaltfunktion-anti-theft-tresore-fur-geld-dokument-medizin-and-wertgegenstande","status":"publish","type":"product","link":"http:\/\/www.tiskgg.com\/index.php\/product\/65l-groser-safe-tresor-fur-zuhause-feuerfester-tresor-mit-schlussel-abnehmbares-regal-und-stummschaltfunktion-anti-theft-tresore-fur-geld-dokument-medizin-and-wertgegenstande\/","title":{"rendered":"Tiskgg 65L Gro\u00dfer Safe Tresor f\u00fcr Zuhause, Feuerfester Tresor mit Schl\u00fcssel, Abnehmbares Regal und Stummschaltfunktion, Anti-Theft Tresore f\u00fcr Geld, Dokument, Medizin and Wertgegenst\u00e4nde"},"content":{"rendered":"<p>1. Our safes are made of hardened cold-rolled steel, which are pry and drill resistant and can effectively protect your valuables<br \/>\n2. Removable shelf can help you organize your important items easily<br \/>\n3. Built-in Led light provides increased visibility so you can easily access your valuables in the dark<br \/>\n4. Our safe comes with a dual alarm system to prevent password guessing<br \/>\n5. External batteries to prevent emergencies when the battery is dead<\/p>\n","protected":false},"excerpt":{"rendered":"<p>Brand: Tiskgg<\/p>\n<p>Asin: B0D1MH664G<\/p>\n","protected":false},"featured_media":810,"comment_status":"open","ping_status":"closed","template":"","meta":[],"product_cat":[21],"product_tag":[],"class_list":["post-807","product","type-product","status-publish","has-post-thumbnail","hentry","product_cat-home-safe"],"_links":{"self":[{"href":"http:\/\/www.tiskgg.com\/index.php\/wp-json\/wp\/v2\/product\/807","targetHints":{"allow":["GET"]}}],"collection":[{"href":"http:\/\/www.tiskgg.com\/index.php\/wp-json\/wp\/v2\/product"}],"about":[{"href":"http:\/\/www.tiskgg.com\/index.php\/wp-json\/wp\/v2\/types\/product"}],"replies":[{"embeddable":true,"href":"http:\/\/www.tiskgg.com\/index.php\/wp-json\/wp\/v2\/comments?post=807"}],"wp:featuredmedia":[{"embeddable":true,"href":"http:\/\/www.tiskgg.com\/index.php\/wp-json\/wp\/v2\/media\/810"}],"wp:attachment":[{"href":"http:\/\/www.tiskgg.com\/index.php\/wp-json\/wp\/v2\/media?parent=807"}],"wp:term":[{"taxonomy":"product_cat","embeddable":true,"href":"http:\/\/www.tiskgg.com\/index.php\/wp-json\/wp\/v2\/product_cat?post=807"},{"taxonomy":"product_tag","embeddable":true,"href":"http:\/\/www.tiskgg.com\/index.php\/wp-json\/wp\/v2\/product_tag?post=807"}],"curies":[{"name":"wp","href":"https:\/\/api.w.org\/{rel}","templated":true}]}}